{"id":115,"date":"2018-04-15T21:39:12","date_gmt":"2018-04-15T19:39:12","guid":{"rendered":"http:\/\/hub.utesla.cz\/?page_id=115"},"modified":"2024-12-02T09:17:06","modified_gmt":"2024-12-02T08:17:06","slug":"o-gama","status":"publish","type":"page","link":"https:\/\/utesla.cz\/gama\/?page_id=115","title":{"rendered":"O Kunsthalle GAMA"},"content":{"rendered":"<h3>Kunsthalle GAMA 2020+<\/h3>\n<p>\u00a0<\/p>\n<h4><strong>Kunsthalle GAMA nov\u011b najdete na adrese:<\/strong><\/h4>\n<p><strong>Fakulta elektrotechniky a informatiky Univerzity Pardubice (FEI UPA)<\/strong>, n\u00e1m. \u010cs. legi\u00ed 565, 530 02 Pardubice\u00a0<\/p>\n<p><strong>Otev\u00edrac\u00ed doba:<\/strong>\u00a0 <strong>pond\u011bl\u00ed \u2013 p\u00e1tek od\u00a0 8:00 \u2013 18:00.\u00a0<\/strong><\/p>\n<p><strong>Vstup voln\u00fd.<\/strong> Nutno se p\u0159ihl\u00e1sit na recepci.<\/p>\n<p>\u00a0<\/p>\n<p><strong>Are\u00e1l Technecium a JHV Engineering<\/strong>, N\u00e1dra\u017en\u00ed 641, Pardubice<\/p>\n<p><strong>Otev\u00edrac\u00ed doba:<\/strong>\u00a0 <strong>pond\u011bl\u00ed \u2013 p\u00e1tek od\u00a0 8:00 \u2013 16:00 <\/strong>nebo po p\u0159edchoz\u00ed domluv\u011b i v jin\u00fd \u010das.<\/p>\n<p><strong>Vstup voln\u00fd.<\/strong> N\u00e1v\u0161t\u011bvu prostor Technecia nutno p\u0159edem ohl\u00e1sit na tel.775104441<\/p>\n<p><strong>Z\u00e1zem\u00ed<\/strong> projektu pro realizaci <strong>tv\u016fr\u010d\u00edch worskhop\u016f a um\u011bleck\u00fdch rezidenc\u00ed vytv\u00e1\u0159\u00ed<\/strong> otev\u0159en\u00e1 v\u00fdvojov\u00e1 d\u00edlna <strong>Makerspace Technecium<\/strong>, v\u00fdvojov\u00e9 d\u00edlny firmy JHV Engineering a laborato\u0159e FEI UPA.<\/p>\n<h3>\u00a0<\/h3>\n<h3>Kunsthalle GAMA 2009 -2020<\/h3>\n<p>Projekt Kunsthalle GAMA je realizovan\u00fd Uskupen\u00edm TESLA od roku 2009 do roku 2020 na Fakult\u011b chemicko technologick\u00e9 Univerzity Pardubice <strong>nab\u00edzel \u010distou minimalistickou atmosf\u00e9ru jedine\u010dn\u00e9ho v\u00fdstavn\u00edho prostoru s velkoplo\u0161n\u00fdmi skly a st\u011bnami z lit\u00e9ho betonu o plo\u0161e v\u00edce ne\u017e 2000 m<sup>2<\/sup> kde se potk\u00e1v\u00e1 sou\u010dasn\u00e1 v\u011bda se sou\u010dasn\u00fdm\u00a0 um\u011bn\u00edm.<\/strong><\/p>\n<h4><a href=\"https:\/\/utesla.cz\/gama\/wp-content\/uploads\/2020\/02\/BetonovaKunsthalle.pdf\"><strong>Betonov\u00e1 Kunsthalle v obraze\u00a0<\/strong><\/a><\/h4>\n<h4>\u00a0<\/h4>\n<p>Fakulta chemicko-technologick\u00e1 Univerzity Pardubice, Studentsk\u00e1 573, Pardubice<\/p>\n<p><strong>Otev\u00edrac\u00ed doba:<\/strong>\u00a0 <strong>pond\u011bl\u00ed \u2013 p\u00e1tek od\u00a0 8:00 \u2013 19:00.\u00a0<\/strong><\/p>\n<p><strong>Vstup voln\u00fd.<\/strong> Nutno se p\u0159ihl\u00e1sit na recepci.<\/p>\n<p>\u00a0<\/p>\n<p>\u00a0<\/p>\n\n\n<p><\/p>\n","protected":false},"excerpt":{"rendered":"<p>Kunsthalle GAMA 2020+ \u00a0 Kunsthalle GAMA nov\u011b najdete na adrese: Fakulta elektrotechniky a informatiky Univerzity Pardubice (FEI UPA), n\u00e1m. \u010cs. legi\u00ed 565, 530 02 Pardubice\u00a0 Otev\u00edrac\u00ed doba:\u00a0 pond\u011bl\u00ed \u2013 p\u00e1tek od\u00a0 8:00 \u2013 18:00.\u00a0 Vstup voln\u00fd. Nutno se p\u0159ihl\u00e1sit na recepci. \u00a0 Are\u00e1l Technecium a JHV Engineering, N\u00e1dra\u017en\u00ed 641, Pardubice Otev\u00edrac\u00ed doba:\u00a0 pond\u011bl\u00ed \u2013 p\u00e1tek [&hellip;]<\/p>\n","protected":false},"author":1,"featured_media":0,"parent":0,"menu_order":0,"comment_status":"closed","ping_status":"closed","template":"","meta":{"site-sidebar-layout":"default","site-content-layout":"","ast-site-content-layout":"","site-content-style":"default","site-sidebar-style":"default","ast-global-header-display":"","ast-banner-title-visibility":"","ast-main-header-display":"","ast-hfb-above-header-display":"","ast-hfb-below-header-display":"","ast-hfb-mobile-header-display":"","site-post-title":"","ast-breadcrumbs-content":"","ast-featured-img":"","footer-sml-layout":"","theme-transparent-header-meta":"","adv-header-id-meta":"","stick-header-meta":"","header-above-stick-meta":"","header-main-stick-meta":"","header-below-stick-meta":"","astra-migrate-meta-layouts":"default","ast-page-background-enabled":"default","ast-page-background-meta":{"desktop":{"background-color":"var(--ast-global-color-4)","background-image":"","background-repeat":"repeat","background-position":"center center","background-size":"auto","background-attachment":"scroll","background-type":"","background-media":"","overlay-type":"","overlay-color":"","overlay-opacity":"","overlay-gradient":""},"tablet":{"background-color":"","background-image":"","background-repeat":"repeat","background-position":"center center","background-size":"auto","background-attachment":"scroll","background-type":"","background-media":"","overlay-type":"","overlay-color":"","overlay-opacity":"","overlay-gradient":""},"mobile":{"background-color":"","background-image":"","background-repeat":"repeat","background-position":"center center","background-size":"auto","background-attachment":"scroll","background-type":"","background-media":"","overlay-type":"","overlay-color":"","overlay-opacity":"","overlay-gradient":""}},"ast-content-background-meta":{"desktop":{"background-color":"var(--ast-global-color-5)","background-image":"","background-repeat":"repeat","background-position":"center center","background-size":"auto","background-attachment":"scroll","background-type":"","background-media":"","overlay-type":"","overlay-color":"","overlay-opacity":"","overlay-gradient":""},"tablet":{"background-color":"var(--ast-global-color-5)","background-image":"","background-repeat":"repeat","background-position":"center center","background-size":"auto","background-attachment":"scroll","background-type":"","background-media":"","overlay-type":"","overlay-color":"","overlay-opacity":"","overlay-gradient":""},"mobile":{"background-color":"var(--ast-global-color-5)","background-image":"","background-repeat":"repeat","background-position":"center center","background-size":"auto","background-attachment":"scroll","background-type":"","background-media":"","overlay-type":"","overlay-color":"","overlay-opacity":"","overlay-gradient":""}},"footnotes":""},"class_list":["post-115","page","type-page","status-publish","hentry"],"_links":{"self":[{"href":"https:\/\/utesla.cz\/gama\/index.php?rest_route=\/wp\/v2\/pages\/115","targetHints":{"allow":["GET"]}}],"collection":[{"href":"https:\/\/utesla.cz\/gama\/index.php?rest_route=\/wp\/v2\/pages"}],"about":[{"href":"https:\/\/utesla.cz\/gama\/index.php?rest_route=\/wp\/v2\/types\/page"}],"author":[{"embeddable":true,"href":"https:\/\/utesla.cz\/gama\/index.php?rest_route=\/wp\/v2\/users\/1"}],"replies":[{"embeddable":true,"href":"https:\/\/utesla.cz\/gama\/index.php?rest_route=%2Fwp%2Fv2%2Fcomments&post=115"}],"version-history":[{"count":21,"href":"https:\/\/utesla.cz\/gama\/index.php?rest_route=\/wp\/v2\/pages\/115\/revisions"}],"predecessor-version":[{"id":3576,"href":"https:\/\/utesla.cz\/gama\/index.php?rest_route=\/wp\/v2\/pages\/115\/revisions\/3576"}],"wp:attachment":[{"href":"https:\/\/utesla.cz\/gama\/index.php?rest_route=%2Fwp%2Fv2%2Fmedia&parent=115"}],"curies":[{"name":"wp","href":"https:\/\/api.w.org\/{rel}","templated":true}]}}